 u be -3 + (-3 - (-5 + -1)). Suppose u = 5*a - 0*a. Suppose a*x = 2*x - 96. Does 24 divide x?
True
Suppose 10 = 3*y - 2. Suppose -2*x + 3*w = -66, -y*w = x + w - 46. Is x a multiple of 18?
True
Suppose 66 = 7*b - 249. Is b a multiple of 3?
True
Let q(s) be the first derivative of 2*s**3/3 + 15*s**2 - 11*s + 2. Let t(n) = n**2 + 15*n - 5. Let x(p) = -6*q(p) + 11*t(p). Is x(-14) a multiple of 9?
False
Let q(n) = -4*n**2 - 20*n + 7. Let t be q(-5). Suppose -694 = t*l - 2234. Is l a multiple of 20?
True
Let s(w) = 5*w**3 + 2 + w**3 - 3*w**2 + 0*w**2. Does 19 divide s(2)?
True
Let o be 12/6 + (-6)/2 - -29. Suppose -4*i + 82 = 5*g, 0 = i - 3*g - 1 - o. Does 5 divide i?
False
Let d be (-1 - -1)/(4/2). Let a be ((-8)/3)/(2/(-3)). Suppose -4*o + 4*q + 196 = d, -3*q = a*o + 2*q - 151. Is 11 a factor of o?
True
Suppose -3*w + 16 = 5*h, -3*h + 31 = -2*w + 2*h. Let b(d) = d**2 - 1. Let j be b(w). Let r = 34 - j. Is 13 a factor of r?
True
Let q(m) = 299*m**3 + 3*m + 2. Does 100 divide q(2)?
True
Suppose 11*b + 2451 - 21206 = 0. Does 31 divide b?
True
Let n(x) = -2*x + 4. Let q be n(13). Let t = q - -37. Let g(v) = v**2 - 10*v - 10. Is g(t) a multiple of 18?
False
Suppose 2*w = -w - 177. Let h = -21 - w. Let n = -27 + h. Is 8 a factor of n?
False
Let f be (-38)/(-14) + -2*6/(-42). Let s(g) = 10*g + 8. Is 10 a factor of s(f)?
False
Suppose 0*t - 2*t - 84 = 0. Let q = 79 + t. Let r = q + -24. Is r even?
False
Let r(t) be the third derivative of t**8/20160 + t**7/360 - t**6/36 + 2*t**5/15 + 3*t**2. Let j(y) be the third derivative of r(y). Is j(-16) a multiple of 5?
False
Suppose 0 = -3*v - 2*v. Is (v + -3)*(-67)/3 a multiple of 20?
False
Let u = -13 + 14. Let y be (u/(-3))/((-3)/81). Is (-134)/(-5) + y/45 a multiple of 12?
False
Suppose -19*f + 4*h + 1312 = -16*f, 884 = 2*f - 5*h. Is f a multiple of 16?
True
Let l be (-1)/(3/(-3)*1). Let z(h) = h**2 - h + 27. Let w be z(0). Let u = w - l. Does 13 divide u?
True
Suppose 7*z + 672 = 10*z. Does 7 divide z?
True
Suppose 4*v + 5*b = 7073, -4*v = 2*b + b - 7071. Does 93 divide v?
True
Suppose 37*s + 10560 = 57*s. Does 11 divide s?
True
Let w = 25 + -28. Let s be w/9 - 3/(-9). Suppose -2*m + 232 = 2*f, s = -4*f - 3*m + 484 - 22. Is f a multiple of 38?
True
Suppose -679 = -28*l + 161. Is 8 a factor of l?
False
Let i be (-1)/(2 + (-33)/15). Suppose -i*l + 187 = -0*v - 3*v, -2*l = -3*v - 73. Let r = 59 - l. Is r a multiple of 21?
True
Let r(b) be the second derivative of -b**5/20 + 11*b**4/12 - b**3/3 - 5*b**2/2 + 2*b. Is r(5) a multiple of 15?
True
Let i be ((-12)/15)/(22/(-55)). Let m(w) = 49*w**2 + 8*w - 2. Does 15 divide m(i)?
True
Let h(r) be the second derivative of -r**3 + 5*r**2 + 3*r. Let a be ((-32)/(-6))/4*(-3 + 0). Is h(a) a multiple of 34?
True
Let u be (-3 - 15)/((-2)/(-2)). Let r be ((-31)/3)/(3/(-9)). Let c = u + r. Is 4 a factor of c?
False
Let h = -51 - -38. Is 15 a factor of (-507)/h + 1*-3?
False
Suppose -16 = 5*i - 286. Is i a multiple of 18?
True
Let u(q) = -6*q - 11. Let f be (-14)/(-35) + (-28)/(-5). Let t = -16 + f. Is u(t) a multiple of 13?
False
Let p = 12 + -3. Suppose -2*s - s + 3 = i, 3*i = -5*s + 1. Suppose s*r - 33 = p. Does 7 divide r?
True
Let s(m) = 5*m**3 - 9*m**2 + 21*m + 10. Let n be 10 + (-7)/(21/6). Let c(t) = 2*t**3 - 3*t**2 + 7*t + 3. Let d(k) = n*c(k) - 3*s(k). Is 3 a factor of d(-4)?
True
Suppose 3*p = 2*p + 21. Let f be p/9 - 2/6. Suppose 3 = -n + 3*k, -3*n + 56 = f*k + 10. Does 3 divide n?
True
Let w = -3576 + 5357. Does 37 divide w?
False
Suppose 0 - 20 = 4*x, -2*j - 3*x + 4385 = 0. Does 24 divide j?
False
Let t(p) be the third derivative of p**4/24 - p**3/3 - 6*p**2. Let d be t(6). Suppose 0 = d*q - 4*r - 40, 4*r - 19 = 1. Does 13 divide q?
False
Suppose -3*n - 23 = 7. Let w be 0 - (-9 - (5 - 11)). Does 8 divide (36/n)/(w/(-20))?
True
Let a(g) = 12*g**3 + 2*g**2 - 20*g + 40. Is 13 a factor of a(2)?
True
Suppose 3*o - 14 - 19 = 0. Is (o*-1)/(4*(-6)/72) a multiple of 3?
True
Let k(u) = u**3 - 3*u**2 - 2*u + 3. Let f be k(3). Let o = 41 + f. Is (o/(-2))/(8/(-16)) a multiple of 24?
False
Let v be -3 + (-75)/(20/(-4)). Suppose -v*a + 16*a = 100. Is 12 a factor of a?
False
Suppose 4*n + 20 = -3*f, 5*n + 9 = -16. Does 14 divide 1 + (13 - f/2)?
True
Suppose 1672 = 4*d - 5072. Is d a multiple of 104?
False
Let m(i) = i**3 - 2*i**2 + i - 4. Suppose 3 = 5*t + 13. Let k = 1 - t. Is 4 a factor of m(k)?
True
Suppose -a = -13*h + 11*h - 428, -4*a + 1777 = 5*h. Is a a multiple of 15?
False
Suppose -11*l + 2445 - 476 = 0. Is 21 a factor of l?
False
Let m = 10 - 19. Let y be -13 + (m/(-1))/3. Is (-1 + 0/1)*y a multiple of 4?
False
Let v(x) = x**3 - 26*x**2 + 77*x + 60. Is v(25) a multiple of 16?
True
Let u(y) = -y + 10. Let b = 3 - 10. Does 5 divide u(b)?
False
Suppose -b + 6572 = 6372. Is 8 a factor of b?
True
Let n(b) = -b**3 - 54*b**2 + 37*b - 24. Is n(-55) a multiple of 15?
False
Let i(m) = m**3 + 20*m + 1215. Is 16 a factor of i(0)?
False
Let y = 1058 + -661. Is 8 a factor of y?
False
Suppose 115 = -5*l - d, 0*d = -5*d + 25. Let o = l + 44. Suppose 0 = -8*k + 9*k - o. Is 10 a factor of k?
True
Let l = 28 - 33. Let k = 30 + l. Is 10 a factor of k?
False
Let s(q) be the first derivative of q**4/4 - 4*q**3 - 7*q**2 + 16*q - 4. Let o be s(13). Suppose 2*w + 0*w + 4 = 0, 0 = 2*l + o*w - 96. Does 17 divide l?
True
Let f = -12 - -15. Suppose w = 2*g - 14, -3*g = -2*w - f*w - 42. Does 17 divide (3 + w - -3) + 73?
False
Suppose -3*j + o = -141, -5*j + 154 = 3*o - 95. Let m = 100 - j. Is 4 a factor of m/6*(-3)/(-2)?
False
Let w = 956 - 922. Is 17 a factor of w?
True
Let r = 1414 + -733. Does 17 divide r?
False
Is 7 a factor of (-2 + -58)*((-267)/15 + -5)?
False
Let m = -4 - -5. Let h = m + 1. Does 8 divide (h + 80)*(-1)/(-2)?
False
Let f = 27 + -25. Suppose i + 5*x - f*x + 60 = 0, 0 = -3*i + 2*x - 180. Let s = -28 - i. Is s a multiple of 16?
True
Suppose -4*n + 187 = h, -10 = 4*h - 2*h. Let u be 108/n - 3/(-4). Suppose 0 = -u*j - 12, -5*y - j = -y - 32. Does 3 divide y?
True
Suppose 0*t + 3*t = -5*g + 217, 2*g - 5*t - 93 = 0. Suppose -i + w = -3*i - 11, 3*w = 5*i + g. Is -21*(i/3 - -2) a multiple of 6?
False
Suppose 3*s = -12, 22*s = -d + 23*s + 548. Is 9 a factor of d?
False
Let r(g) = -6*g - 3*g + 2 - 4 - 12. Let s be r(-6). Suppose t + 2*a - a - s = 0, 4*t + 3*a = 155. Does 14 divide t?
False
Let u = -188 - 5. Let k = u + 273. Is 6 a factor of 78/(-8)*k/(-60)?
False
Is (157/(-3) + -1)*(-255)/10 a multiple of 62?
False
Suppose -4*t + 892 = -2*g, 2*g = 3*t - 353 - 315. Does 14 divide t?
True
Suppose -71*b = -2*c - 74*b + 1368, -2*c + 1368 = -2*b. Is 18 a factor of c?
True
Let y(n) = 4 + 9 - 30*n + 29*n. Let i be y(12). Suppose -55 + i = -2*w. Is 8 a factor of w?
False
Suppose 3*c - h - 9 = 55, 5*h = -3*c + 58. Let f = c - 7. Let w = 13 + f. Does 9 divide w?
True
Let g = -22 + -46. Suppose 4*b = 4, 0 = -3*k - 4*b + 3 + 10. Is (k - 2)/((-2)/g) a multiple of 5?
False
Let i(t) = -852*t + 120. Is 36 a factor of i(-1)?
True
Let h be 1/(-1) + 2 + -8 + -8. Is 28 a factor of ((-126)/h)/((-6)/(-140))?
True
Let u = 471 + -199. Does 16 divide u?
True
Suppose 5*k - 6*k = 5*y - 1126, 7*y - 4*k = 1571. Is 31 a factor of y?
False
Let j be ((-11)/6)/((-12)/72). Suppose 5*c + 1 = -129. Let a = j - c. Is a a multiple of 13?
False
Let f = -157 + 549. Suppose 0 = 7*z - 4*z - 2*i - 292, 2*i + f = 4*z. Does 7 divide z?
False
Let z be 0 - (-1 - -2)*-1. Let h(t) = 9*t**3 + t**2 - 2*t + 1. Let y be h(z). Suppose 0 = -2*s + y + 31. Does 10 divide s?
True
Suppose 1008 = -22*u + 11436. Is u a multiple of 79?
True
Let q be 7 + -6 + -5 - (2 + -2). Let n(r) = r**3 + 6*r**2 + 5*r. Let x be n(-5). Let p = x - q. Is p a multiple of 2?
True
Let f(a) = 5*a**2 - 34*a + 61. Is 58 a factor of f(13)?
True
Let c be (0 - -1)*32/(-8). Let r be (2 + 0)/(c/8). Is 3 a factor of 4 + -1 - (1 + r)?
True
Let s(v) be the first derivative of -7*v**2/2 + 33*v - 15. Is s(-21) a multiple of 36?
True
Let x be (-3)/9 - (-265)/3. Let m = 185 - x. Is m a multiple of 7?
False
Let i(v) = -v**3 - 3*v**2 - 5*v + 4. Does 2 divide i(-3)?
False
Let y = 1109 - -1171. Is y a multiple of 16?
False
Let a = -33 + 10. Let d = 55 + a. Is d a multiple of 8?
True
Let n = 152 + -149. Suppose 3*t + 0 - 9 = 0. Suppose -3*v + 129 = t*l, l - 176 = -n*l - 5*v. Is 10 a f